se 6.
2103314
-100010111000100011100010 (base 2) to base 7
-140504325
Convert -88d197 (base 15) to base 6.
-351500454
-202211220002201 (base 3) to base 8
-52207367
What is 200021000201122 (base 3) in base 7?
145325162
200020220 (base 5) to base 7
6436342
65aa0 (base 12) to base 5
13301431
Convert 136333 (base 10) to base 16.
2148d
-761328 (base 10) to base 12
-308700
Convert 1645337 (base 13) to base 12.
24a3365
-10464616 (base 7) to base 9
-1631867
-1354462 (base 7) to base 4
-230112313
What is -10142100 (base 5) in base 9?
-137231
Convert 567626 (base 10) to base 5.
121131001
-a64a (base 15) to base 4
-20211202
What is -2e600 (base 15) in base 6?
-3113430
-102101100010 (base 3) to base 8
-665461
851e27 (base 15) to base 14
bac7b9
-323412003 (base 5) to base 13
-397c34
What is 103139 (base 11) in base 7?
1255440
What is -2485598 (base 10) in base 16?
-25ed5e
-131033 (base 5) to base 14
-1c35
What is 120300314 (base 5) in base 14?
106a62
-3424214 (base 5) to base 10
-61184
Convert -100101210100110 (base 3) to base 10.
-4995363
What is 1518460 (base 10) in base 15?
1eedaa
What is 16336704 (base 8) in base 16?
39bdc4
What is 26090 (base 10) in base 9?
38708
Convert -10410020 (base 5) to base 11.
-62624
What is -1000110110010100000000 (base 2) in base 5?
-1043211431
-20658 (base 10) to base 6
-235350
Convert -223404214 (base 5) to base 11.
-621429
-20011021000022 (base 3) to base 13
-8a76ac
Convert -22010210221 (base 3) to base 6.
-3233511
What is 195577 (base 12) in base 13?
127678
-127acb (base 14) to base 11
-3a4925
a58929 (base 11) to base 13
47495a
-282003 (base 10) to base 14
-74ab1
-80b88a (base 12) to base 6
-111033454
Convert -212201210 (base 3) to base 12.
-a019
Convert 3b9cb (base 13) to base 2.
11011001110110010
What is 35366235 (base 7) in base 14?
5b5255
What is -132224102 (base 6) in base 9?
-4851112
Convert -1242a (base 15) to base 7.
-332005
What is -11010111110111011111 (base 2) in base 13?
-24c5b9
What is 100100101001011000010 (base 2) in base 13?
33076b
Convert -2401133 (base 11) to base 7.
-50414200
717227 (base 9) to base 5
102101234
Convert 8c90b8 (base 16) to base 12.
31030a0
512632 (base 13) to base 5
440443400
-3c5099 (base 13) to base 10
-1467722
Convert -13201312131 (base 4) to base 7.
-22530054
11101011110110011 (base 2) to base 8
353663
What is -24531 (base 7) in base 13?
-2c16
-2100121312 (base 4) to base 15
-ba3bd
-4104440 (base 5) to base 12
-32405
-3a722 (base 12) to base 15
-18cd2
100020221221 (base 3) to base 15
38ed1
-200470 (base 13) to base 3
-1101202200121
What is 1182740 (base 9) in base 7?
5324403
Convert -10201101120121 (base 3) to base 4.
-13202123023
What is 4410352 (base 6) in base 8?
654034
Convert 141143023 (base 5) to base 2.
10110000111100011011
What is -30279 (base 13) in base 12?
-41a09
50c2c6 (base 13) to base 6
104211041
-265430 (base 8) to base 6
-1554200
Convert -237755 (base 8) to base 11.
-56596
What is -187324 (base 11) in base 12?
-11a725
-2d060 (base 16) to base 11
-116611
Convert 465504 (base 8) to base 5.
20033112
-1066316 (base 9) to base 13
-171bc7
-101011000001011011110 (base 2) to base 14
-289a90
Convert 101100001110110000 (base 2) to base 7.
1353121
Convert -ac5e1 (base 15) to base 6.
-15425234
-10142424 (base 5) to base 13
-2c394
What is 6416641 (base 10) in base 16?
61e901
Convert 332236 (base 8) to base 13.
3bb50
What is -3021123301 (base 4) in base 13?
-22b712
-22010320311 (base 4) to base 15
-3729c6
What is -10023420300 (base 5) in base 9?
-20704460
-23660b (base 12) to base 4
-2023123223
What is -21131020331 (base 4) in base 11?
-1443281
What is -10031302 (base 4) in base 9?
-25614
Convert -55351 (base 15) to base 14.
-70955
Convert -101529 (base 13) to base 7.
-3116313
-1202212331 (base 4) to base 5
-100411101
What is -2200322022 (base 4) in base 7?
-5413344
What is -10010001101010111 (base 2) in base 11?
-51043
Convert 4100243 (base 5) to base 16.
100a2
-2240452 (base 6) to base 13
-3ccb6
2200131 (base 4) to base 12
5b39
What is 1022222220 (base 3) in base 13?
bc37
-12122010000021 (base 3) to base 7
-34306615
What is -2041700 (base 11) in base 7?
-42426615
-11111100000101101011 (base 2) to base 8
-3740553
Convert 4431432 (base 8) to base 2.
100100011001100011010
55c702 (base 13) to base 9
3728241
Convert -116914 (base 11) to base 9.
-311423
What is 6ec78d (base 16) in base 13?
16726b0
What is 43324224 (base 6) in base 16?
13a1b8
Convert -1173171 (base 8) to base 5.
-40401431
What is -21345351 (base 6) in base 3?
-1012022210011
Convert -a1645 (base 11) to base 4.
-210100210
Convert -1b5b45b (base 12) to base 10.
-5846471
Convert -72860 (base 10) to base 11.
-4a817
What is 656a3 (base 11) in base 9?
154703
Convert -100010010110111110 (base 2) to base 10.
-140734
-43023004 (base 5) to base 15
-71e6e
591e2d (base 15) to base 16
40fcfc
Convert -1010000011000001111110 (base 2) to base 8.
-12030176
d4322 (base 15) to base 12
2850b8
415599 (base 10) to base 13
117222
What is 196dc9 (base 16) in base 12?
6844b5
Convert 20234 (base 10) to base 6.
233402
-1929932 (base 10) to base 14
-383484
What is 75f351 (base 16) in base 13?
17a8586
What is 5bb926 (base 13) in base 15?
2d5b8b
Convert -2990160 (base 10) to base 12.
-1002500
Convert 1224006 (base 12) to base 11.
1aa2744
Convert -1103652 (base 8) to base 16.
-487aa
Convert -2110010220 (base 3) to base 6.
-1011123
What is 4a8705 (base 11) in base 4?
3003311002
5112255 (base 6) to base 4
323103023
What is 133163 (base 7) in base 13?
b594
What is -b8bc1 (base 13) in base 6?
-11053111
-783996 (base 10) to base 7
-6443463
2122542 (base 6) to base 13
38636
105551320 (base 7) to base 9
13120151
-100101000001100111 (base 2) to base 6
-3130035
-533150 (base 6) to base 10
-43482
2011110101212 (base 3) to base 13
31397c
c6b4 (base 16) to base 6
1031300
1948a57 (base 12) to base 13
1145260
-11231103211 (base 4) to base 14
-2ad421
What is -13345 (base 10) in base 14?
-4c13
What is -10332421 (base 5) in base 2?
-10101111010001000
What is 2001000011201 (base 3) in base 2?
100001000010101000100
21531434 (base 6) to base 5
131242203
Convert -d2eeb (base 15) to base 4.
-2203021112
Convert -3324743 (base 8) to base 12.
-372257
110102110212221 (base 3) to base 7
110061211
10561500 (base 8) to base 2
1000101110001101000000
58343 (base 16) to base 12
1550ab
-1604131 (base 7) to base 13
-79150
Convert 610332 (base 7) to base 9.
166763
What is -3629076 (base 12) in base 14?
-1577678
Convert -13bbb6 (base 15) to base 5.
-220413041
Convert -447551 (base 8) to base 6.
-3124533
What is -1000101100100111101010 (base 2) in base 11?
-1317a2a
Convert -243124230 (base 5) to base 7.
-12510561
4117862 (base 9) to base 5
1030302211
What is 3661640 (base 7) in base 16?
7277c
What is 77772 (base 12) in base 3?
22001012112
-51380 (base 11) to base 12
-3748b
-1ca22 (base 15) to base 13
-33692
What is 31202101 (base 4) in base 3?
2211001101
What is 70375 (base 10) in base 12?
34887
Convert -19817 (base 14) to base 6.
-1215313
Convert 122002221111022 (base 3) to base 8.
42536537
522402143 (base 6) to base 14
12c611d
What is 2604204 (base 7) in base 4?
1102123032
What is 512278 (base 11) in base 10?
822885
Convert 1371677 (base 8) to base 15.
7a8a4
Convert -201112210002 (base 3) to base 14.
-a0304
What is 2001000021222 (base 3) in base 16?
10859c
-22101313 (base 4) to base 5
-2321403
Convert -3028011 (base 10) to base 16.
-2e342b
Convert -133351 (base 8) to base 14.
-130c9
213386 (base 10) to base 4
310012022
What is -1a80563 (base 11) in base 12?
-1209481
What is 2125414 (base 8) in base 12?
2348b8
Convert 392684 (base 10) to base 15.
7b53e
2101121120020 (base 3) to base 15
1a1c5c
What is -4331102 (base 7) in base 13?
-1567b8
4204453 (base 6) to base 9
338676
4804144 (base 10) to base 11
2791474
What is 1491f5 (base 16) in base 9?
2474202
22112211012222 (base 3) to base 13
c30c4a
What is -100100111110110111010 (base 2) in base 4?
-10213312322
Convert -3d7e (base 15) to base 14.
-4b29
-55427 (base 10) to base 6
-1104335
Convert -1213021130 (base 4) to base 5.
-102004432
Convert 51c8b (base 13) to base 8.
437311
What is 44551445 (base 6) in base 13?
384590
What is -568052 (base 11) in base 6?
-31212142
aa961 (base 11) to base 13
582c1
Convert 1468a7 (base 12) to base 10.